 when ((-134)/(-4))/(2/4) is divided by n?
21
Let h be 64 - (7 + (-4 - -1)). Let a = h - 24. Calculate the remainder when a is divided by 0 + (-2)/(-1) + 11.
10
Suppose 11*x - 6*x - 104 = -j, 3*x - 252 = -3*j. What is the remainder when 90 is divided by j?
11
Suppose 0 = -j + 4*z + 3, -2*z + 30 = -3*j - 3*z. Let t = -9 - j. Suppose -x = -t*x - 65. Calculate the remainder when x is divided by 22.
21
Let y(i) = i**3 + 8*i**2 + 4*i - 3. Let f(h) = 10*h**2 + 2*h - 9. Let g be f(-4). Let k = g - 73. Calculate the remainder when k is divided by y(-7).
16
Let l = 212 + -163. What is the remainder when l is divided by 17?
15
Let o = -3623 - -3698. Let y = 38 - 25. Calculate the remainder when o is divided by y.
10
Let x = -48 + 95. Calculate the remainder when 181 is divided by x.
40
Let o be 1 - (-3)/((-3)/98). Let s = 166 + o. What is the remainder when s is divided by 14?
13
Calculate the remainder when 315 is divided by ((-165)/20)/(5 + 189/(-36)).
18
Suppose 34*a = 38*a, -4*w = 2*a - 308. Calculate the remainder when 999 is divided by w.
75
Let f(j) = 4 + 0*j - j - 2*j**3 - 5. Let v(k) = -15*k - 1. Calculate the remainder when f(-3) is divided by v(-2).
27
Suppose -2*n + 546 = 5*o, 4*n = -14 + 6. Calculate the remainder when 302 is divided by o.
82
Let b(d) = 90*d**2 - d - 3. Let i be b(3). Suppose f + 2 = 0, -5*l - 595 = 2*f + i. Calculate the remainder when 26 is divided by l/(-39) + (-8)/52.
5
Let u(p) = p + 7. Let z be u(-6). Let h be -3 + 4 + z*4. Suppose -2*y + 180 = h*m, -3*m + 4*y - 2*y = -108. Calculate the remainder when m is divided by 19.
17
Suppose 6*t = 5*t + 1. Suppose -5*l + y + 0*y + 35 = 0, 4*l + t = -5*y. Let m = l - -21. Calculate the remainder when m is divided by 15.
12
Suppose -9 = -26*t + 27*t. Calculate the remainder when 3 is divided by t*2/(-6) - 1.
1
Let h(r) = -r**2 - 13*r - 4. Let c be h(-12). Suppose -5*w + 2*k + 0*k = -14, 3*k = -w - 4. Suppose c = 4*g - w*g. What is the remainder when 5 is divided by g?
1
Let k be (-6)/2*1/3. Let v be k - 71/(3 - 4). Suppose -s - 2*b = -b - 20, -5*b - v = -5*s. Calculate the remainder when s is divided by 10.
7
Let i(n) = -n + 196. What is the remainder when 207 is divided by i(3)?
14
Let x = 219 - 129. Let o be ((-1)/(-1))/(8/(-552)). What is the remainder when x is divided by 3*(-2)/((-3)/o*-6)?
21
Let t = -60 + 68. Let u(w) = 3*w - 17. Calculate the remainder when 46 is divided by u(t).
4
Let l(y) = -y + 13. Calculate the remainder when (0 + (-50)/(-4))*4 is divided by l(-4).
16
Suppose -2*i = 4, 2*v - 6 = -2*i - 3*i. Let o = 1 + -1. Suppose o = -0*p - 2*p + 24. What is the remainder when p is divided by v?
4
Suppose 26 + 164 = 4*w - s, 5*w + 4*s = 248. Calculate the remainder when 93 is divided by w.
45
Let o(y) = -6*y + 10. Let f be o(-3). Suppose -4*j = f - 120. What is the remainder when 44 is divided by j?
21
Let l = 631 - 614. Calculate the remainder when 56 is divided by l.
5
Suppose 276 + 196 = 4*p. Let n = -16 + p. What is the remainder when n is divided by 26?
24
Suppose 2*w - 5*n - 44 = 0, -n + 64 + 2 = 4*w. What is the remainder when 65 is divided by w?
14
Let k be -1*(2 - -1) + 3. Suppose k = -4*b, -1202 + 52 = 5*u + 2*b. Calculate the remainder when (-3)/(-12) - u/8 is divided by 15.
14
Suppose 0 = -5*b + 2*g + 505, -3*g - 427 = -4*b - 23. Suppose -3*i + 30 + 72 = 0. What is the remainder when b is divided by i?
33
Let s = -22 + 40. Let p(z) = -7*z - 11*z + z**3 + z**3 - 20*z**2 + 6 - z**3. Calculate the remainder when p(21) is divided by s.
15
Let p(o) = -o**3 - 22*o**2 - 61*o + 32. What is the remainder when p(-19) is divided by 46?
16
Suppose 0 = -3*l - 194 - 40. Let j = l + 146. Calculate the remainder when j is divided by 18.
14
Let p = -3 + -6. Let k = p - -27. Let y = -17 + k. Calculate the remainder when 3 is divided by y.
0
Let m = -2 + 14. What is the remainder when 167 is divided by m?
11
Let u(l) = -3*l**2 + 14*l + 14. Let r(q) = -5*q**2 + 27*q + 27. Let w(o) = 4*r(o) - 7*u(o). Calculate the remainder when 192 is divided by w(-13).
45
Let v = 49 - 29. Let i(h) = 3*h**3 - 10*h**2 - 3*h + 8. Calculate the remainder when i(5) is divided by v.
18
Let o = -152 + 541. Calculate the remainder when o is divided by 10.
9
Suppose 0 = -7*n + 2969 - 827. Calculate the remainder when n is divided by 103.
100
Suppose -25 = -3*w + 5*k, -48 - 6 = -5*w - 4*k. Suppose -8*o + w + 78 = 0. Let l(t) = t**2 - 3*t - 7. Calculate the remainder when o is divided by l(5).
2
Calculate the remainder when 110/(7*6/84) is divided by 19.
11
Let v(o) = 141*o + 5. Calculate the remainder when v(1) is divided by 19.
13
Let q(n) = -n**3 - 3*n**2 + 4*n + 2. Let h be q(-4). Suppose 2*a - 129 = -l, 2*l + 3*l + h*a = 629. Calculate the remainder when l is divided by 32.
29
Let z = 5 - 5. Suppose z = -2*s - s + 114. Suppose 0 = -0*a - 3*a + 39. Calculate the remainder when s is divided by a.
12
Suppose 141 = 40*u - 259. Calculate the remainder when 127 is divided by u.
7
Let w be 6/14 - (-2431)/77. Suppose 0 = -w*b + 28*b + 52. What is the remainder when 25 is divided by b?
12
Suppose 2*d + 3*d + 1470 = 0. Calculate the remainder when 75 is divided by d/(-15) - (-9)/(-15).
18
Suppose 4*w - 119 = -4*q - q, -2*q + 5*w = -74. Suppose 0*k - 2*k + 154 = 0. What is the remainder when k is divided by q?
23
Let d(c) = c**2 - 13*c. Let u be d(12). What is the remainder when 13 is divided by (4/(-2))/(8/u)?
1
Suppose r = 5*g + 1123, -34*r + 4*g - 2288 = -36*r. Calculate the remainder when r is divided by 67.
66
Suppose 4*w = 8*w - 60. What is the remainder when 2/8 + 535/20 is divided by w?
12
Let b = -810 + 519. Let f(c) = -37*c**3 + 2*c**2 - c. Let a be f(1). Calculate the remainder when (-8)/a - b/27 is divided by 3.
2
Suppose -107 = -3*b - 0*b + 4*l, b + l = 24. What is the remainder when b is divided by 10?
9
Suppose 4*s - 500 = -6*s. Calculate the remainder when s is divided by 24.
2
Let a(r) = 9*r**2 - r + 1. Suppose -29 = -4*k - 5*g, 4*k = 2*k + 3*g + 9. Calculate the remainder when (-3 + k - -4)*6 is divided by a(1).
6
Let u be 2*(-3)/2*-3 + 1. Let k(i) = -i**2 + 13*i - 9. Calculate the remainder when 104 is divided by k(u).
20
Suppose -8*a = -331 + 99. Suppose 3*p - 4*p = -a. What is the remainder when p is divided by 4?
1
Let i(t) = t**2 + 22*t + 14. Let s be i(-17). Let b = s + 86. Calculate the remainder when 72 is divided by b.
12
Let g(u) = -u**3 - 6*u**2 + 5*u + 21. Let v be g(-6). Let m = 9 + 5. What is the remainder when m is divided by (6 + -2 + -5)*v?
5
Suppose 26*t + 133 = 45*t. What is the remainder when 347 is divided by t?
4
Let n(v) = -v**3 + 9*v**2 + 7*v - 16. What is the remainder when n(8) is divided by 28?
20
Let u = -76 + 72. What is the remainder when (-4)/(-10) - 35/25*u is divided by 2?
0
Let y = -1023 - -1042. Suppose -5*d = -v - 0*v - 17, -4*v + 16 = d. Calculate the remainder when y is divided by d.
3
Let q = 167 + -127. Calculate the remainder when q is divided by 16.
8
Let v be (4 - -20)/(0 + 3/4). Let c be (66/(-9))/(4/(-6)). Let y = v - c. What is the remainder when y is divided by 11?
10
Suppose 0*k + 110 = 4*k - 5*f, -4*f + 8 = 0. Suppose 5*t = 3*u + 67, -3*t + 49 = -4*u - 0*u. Calculate the remainder when k is divided by t.
8
Suppose 3*a = 2*a - 4*b + 35, a = -b + 23. What is the remainder when a is divided by 8?
3
Suppose -4*b = 33 - 113. Suppose 20 = 5*k - b. Suppose 5*w + 19 = 214. What is the remainder when w is divided by k?
7
Let f = -2 - -6. Calculate the remainder when f is divided by (2/((-12)/(-2)))/(3/36).
0
Suppose -2*m = m + 12. Let b = m + 6. Suppose -b*y + 2*c = -4*y + 76, 2*y - 3*c = 71. Calculate the remainder when y is divided by 13.
11
Let y be (0 - -2)/((-2)/(-14)). Suppose -12*m - y = -14*m. Calculate the remainder when 46 is divided by m.
4
What is the remainder when 255 is divided by -25 + 26 - (-16 - -1)?
15
Suppose q = 4*q + 4*c - 255, -3*c = -9. Suppose -4*b - 293 = -q. Let z = 86 + b. Calculate the remainder when z is divided by 18.
15
Let x(f) = -f**2 + 6*f + 13. Let m be x(9). Let u = m + 34. What is the remainder when 99 is divided by u?
19
Suppose 4*h = -17 + 25. Suppose -h*u - 4*k + 10 = -0*u, 52 = 5*u + k. Calculate the remainder when 42 is divided by u.
9
Let y(p) = -9*p - 211. What is the remainder when 59 is divided by 